225?
5955
Calculate the highest common factor of 1334982 and 13062.
6
What is the highest common divisor of 32247 and 2601?
9
Calculate the greatest common factor of 15488 and 114864816.
1936
Calculate the highest common divisor of 15204 and 128372440.
5068
Calculate the highest common factor of 16550689 and 7075.
283
What is the highest common factor of 58436 and 205072?
28
Calculate the greatest common divisor of 2422680 and 2730.
390
What is the greatest common factor of 42545 and 168275?
635
What is the highest common factor of 339 and 4047434?
113
Calculate the greatest common factor of 2068564561 and 266.
133
What is the highest common factor of 97708 and 5876?
52
Calculate the highest common divisor of 58756 and 3774.
74
What is the highest common factor of 57069164 and 460?
92
Calculate the highest common divisor of 73 and 4297729.
73
Calculate the greatest common factor of 512024 and 1964230.
4414
Calculate the highest common factor of 8 and 80853272.
8
Calculate the highest common divisor of 822172795 and 410.
205
What is the highest common factor of 38 and 485474?
2
Calculate the highest common factor of 19448 and 128282.
374
What is the greatest common divisor of 2166 and 17689361?
361
What is the greatest common factor of 2960027 and 301?
7
Calculate the greatest common divisor of 7664 and 77395862.
958
What is the greatest common divisor of 5334 and 283430091?
2667
Calculate the highest common factor of 676 and 277421105.
169
What is the highest common divisor of 3146 and 2292466?
242
What is the highest common divisor of 3132022 and 5552?
694
Calculate the highest common divisor of 89210838 and 822.
822
What is the highest common divisor of 660 and 2738460?
60
What is the highest common factor of 17258735 and 65?
65
What is the greatest common factor of 201529716 and 48?
12
Calculate the greatest common divisor of 20864414 and 7974.
886
What is the highest common divisor of 30517500 and 780?
780
What is the greatest common divisor of 693297 and 93060?
4653
What is the highest common factor of 242296419 and 411?
411
What is the greatest common divisor of 87771457 and 2283?
761
What is the greatest common divisor of 2184 and 124154940?
1092
Calculate the highest common factor of 18967536 and 1116.
1116
What is the highest common factor of 48 and 29278048?
16
Calculate the greatest common divisor of 3795063 and 867.
51
Calculate the highest common divisor of 60456953 and 1397.
127
What is the highest common divisor of 3280 and 139376?
16
What is the highest common divisor of 36 and 10589760?
36
Calculate the highest common divisor of 29 and 89784.
29
Calculate the greatest common factor of 7400 and 309825.
25
What is the highest common factor of 261625 and 37513?
161
What is the greatest common divisor of 612 and 49073373?
153
What is the greatest common factor of 12768 and 2493750?
798
What is the greatest common divisor of 429 and 3650322?
39
Calculate the greatest common factor of 1318 and 491.
1
What is the greatest common factor of 485440 and 30586?
82
What is the highest common factor of 2628 and 191171524?
292
Calculate the greatest common divisor of 2779450 and 125.
25
What is the highest common divisor of 41861396 and 752?
188
What is the highest common divisor of 138540 and 1305?
15
Calculate the greatest common factor of 244 and 13457027.
61
What is the greatest common divisor of 159750 and 6600375?
1125
What is the greatest common factor of 275829105 and 3855?
3855
What is the highest common factor of 5205 and 17065?
5
Calculate the highest common factor of 804 and 22572903.
201
Calculate the greatest common divisor of 26117619 and 8745.
33
Calculate the greatest common factor of 1278 and 21904281.
639
What is the highest common factor of 5749291 and 191?
191
What is the greatest common divisor of 964 and 15165889?
241
Calculate the highest common divisor of 4123992 and 437.
23
What is the highest common factor of 436109718 and 198?
66
What is the greatest common divisor of 15344224 and 518?
14
Calculate the greatest common divisor of 55224 and 84960.
4248
Calculate the highest common factor of 208 and 266396.
52
What is the greatest common factor of 7579 and 434759?
689
Calculate the highest common divisor of 578637 and 159993.
261
What is the highest common factor of 737907 and 8697?
669
Calculate the greatest common divisor of 960957 and 10287.
27
Calculate the greatest common factor of 377925 and 32475.
75
What is the greatest common factor of 560 and 54395670?
70
What is the greatest common factor of 57617215 and 285?
95
Calculate the greatest common factor of 40212363 and 93.
93
Calculate the highest common factor of 23926 and 2870.
14
Calculate the highest common factor of 187061454 and 3216.
402
Calculate the highest common divisor of 678537 and 369.
9
What is the highest common factor of 11470 and 67580?
310
Calculate the highest common divisor of 517678 and 19386.
718
Calculate the highest common factor of 71362 and 6448.
62
What is the greatest common divisor of 29011 and 644737?
433
What is the greatest common divisor of 1718 and 243445754?
1718
Calculate the highest common factor of 57 and 2009041.
19
What is the highest common factor of 37232 and 482872?
104
Calculate the highest common divisor of 19014525 and 75.
75
Calculate the highest common factor of 538395 and 8580.
2145
What is the highest common divisor of 3213 and 7305795?
189
What is the highest common factor of 1276696 and 4408?
232
Calculate the greatest common factor of 15478 and 33654.
142
What is the highest common factor of 10912 and 865148?
124
What is the greatest common divisor of 179 and 870084811?
179
What is the greatest common divisor of 1890 and 1149880410?
630
What is the greatest common divisor of 49427542 and 522?
58
What is the highest common divisor of 4333419 and 6?
3
What is the greatest common divisor of 8472 and 5291823?
1059
What is the highest common divisor of 23224279 and 26?
13
What is the highest common divisor of 377 and 617513?
13
Calculate the greatest common factor of 914644 and 76304.
1004
What is the greatest common divisor of 780 and 2479020?
60
What is the greatest common divisor of 240120087 and 145?
29
What is the greatest common divisor of 1191164 and 7852?
52
Calculate the greatest common divisor of 94545220 and 4015.
4015
Calculate the greatest common factor of 34 and 7940836.
34
What is the highest common divisor of 6807471 and 1265?
253
What is the highest common divisor of 25419164 and 9584?
2396
What is the highest common divisor of 136627956 and 468?
36
Calculate the highest common divisor of 49510 and 77510.
10
What is the greatest common divisor of 99661290 and 90?
30
What is the highest common divisor of 207298 and 8942?
34
Calculate the highest common divisor of 767 and 38306281.
767
What is the greatest common factor of 13686600 and 2300?
100
Calculate the highest common factor of 101 and 1713163717.
101
Calculate the highest common divisor of 36 and 10485744.
12
What is the greatest common factor of 675840 and 1101760?
3520
Calculate the greatest common factor of 1265420 and 2340.
260
What is the highest common divisor of 4 and 153609?
1
What is the highest common factor of 1773 and 58879360?
197
What is the highest common divisor of 24012 and 23498364?
276
Calculate the highest common divisor of 5005357 and 1192.
149
Calculate the greatest common divisor of 8543280 and 32.
16
What is the greatest common divisor of 36817659 and 81?
81
What is the highest common factor of 486 and 82083726?
54
What is the highest common factor of 3 and 1901475?
3
What is the greatest common divisor of 1229 and 945657737?
1229
What is the highest common divisor of 1455 and 184269251?
97
What is the greatest common factor of 320 and 45075168?
32
Calculate the greatest common factor of 42354 and 2106.
234
Calculate the highest common factor of 1618919 and 5389.
317
What is the highest common factor of 6292 and 7045610?
286
Calculate the greatest common divisor of 30 and 2310416715.
15
Calculate the greatest common divisor of 1707008 and 197888.
256
Calculate the highest common divisor of 5773080 and 324.
12
What is the greatest common divisor of 30 and 33390330?
30
Calculate the greatest common divisor of 23250